 Let f be k(a). Is s(f) a multiple of 11?
False
Let f(z) = z**2 + 13*z - 1. Suppose -4*n + s = 52, 0*s - 2*s = -n - 20. Let b be f(n). Does 14 divide (-314)/b - (-6)/(-39)?
False
Let w(f) = -2*f**2 + 12*f + 8. Let j be w(6). Suppose 176 = 12*p - j*p. Does 22 divide p?
True
Let r = -11 + -7. Is (-36)/(-162) + (-1418)/r a multiple of 9?
False
Let c(x) = 3*x**2 + 8*x + 18. Is c(-6) a multiple of 26?
True
Let s(b) = -40*b + 6. Is 56 a factor of s(-6)?
False
Let j(m) = -m**2 - 8*m + 4. Let h be j(9). Let b = h + 212. Is 20 a factor of b?
False
Let k(u) = -u**2 - 12*u - 4. Let j be k(-7). Suppose 3*b - 139 = -j. Suppose 24 = 2*z - z + 3*r, 0 = 2*z + 2*r - b. Is z a multiple of 15?
True
Suppose 2*q + 203 - 889 = 0. Is 3 a factor of q?
False
Let h(y) be the second derivative of y**4/12 + 3*y**3/2 + 2*y**2 + 8*y. Is h(-10) a multiple of 2?
True
Suppose 2*n = -4*g - g - 33, 3*g = -4*n - 59. Let m = -10 - n. Is 8 a factor of (1/(-2))/(m/(-224))?
False
Let o(t) be the first derivative of 4*t**3/3 - 4*t**2 - 4*t - 2. Let l be o(8). Let u = l - 85. Is 33 a factor of u?
False
Let g be (-1)/(-4) + 395/4. Suppose -f - 2*f = -g. Is f a multiple of 9?
False
Suppose 2*x + 30 = 7*x. Suppose -9*v + 210 = -x*v. Does 14 divide v?
True
Let c(u) = 22*u**2 - 3*u - 2. Let p be c(-1). Suppose 227 - p = 4*j. Does 16 divide j?
False
Let q(y) = -68*y - 215. Is 15 a factor of q(-4)?
False
Let o(g) = 2*g**2 - 2*g + 265. Let m be o(0). Suppose -5*d - x + 226 + 253 = 0, 0 = 3*d - 5*x - m. Is 19 a factor of d?
True
Let v(x) = 0 + 2*x**3 + 12*x + 8*x**2 + 6*x**2 + 12 + 6*x**2. Is v(-9) a multiple of 24?
False
Let a = -34 - -41. Let v(q) = q**3 - 7*q**2 + q - 1. Is v(a) a multiple of 2?
True
Let g(m) = m**2 - m + 3. Let t be g(8). Is t - ((-6)/(-2) + -5) a multiple of 16?
False
Suppose -22*m = -32*m + 6000. Is m a multiple of 20?
True
Let l be (4 + -8 - -6)*1. Suppose -4*d + 8 = -l*d, 0 = -5*c - 4*d + 611. Is c a multiple of 17?
True
Let v(m) = 17*m - 1. Let o be v(-1). Let j be o/(-4) - 1/(-2). Suppose -g - 4*s = -2*g + 7, 5*s + j = 0. Is g a multiple of 3?
True
Suppose -n + 70 + 58 = -2*v, 3*n - 2*v = 368. Let c be n/16*(-52)/(-5). Suppose -c = -3*h - 0*h. Is h a multiple of 13?
True
Let t(q) = q**2 - 22*q + 25. Is t(23) a multiple of 24?
True
Suppose 2*r - 2 = 3*r. Let p(a) = -46*a**3 + a**2 - 2*a + 1. Let c be p(r). Suppose -4*s - g + c + 265 = 0, -3*s + 2*g + 476 = 0. Is s a multiple of 28?
False
Let k be 120/10*2*32. Suppose 0 = -5*a + 3*o + k, a - 2*o - 6 = 149. Does 34 divide a?
False
Let q = -7 - -17. Let v(w) = -w**2 + 13*w - 20. Let y be v(q). Does 18 divide 73/4 - y/40?
True
Let t(h) = 13*h - 18. Let u(w) = -27*w + 36. Let a(z) = 7*t(z) + 4*u(z). Does 10 divide a(-6)?
True
Suppose 44*d - 101948 = 16*d. Does 17 divide d?
False
Let m(x) = x + 3. Let v be m(7). Let h = 14 - v. Suppose -h*u = 4, u - 44 + 9 = -3*y. Is 12 a factor of y?
True
Let w = 39 + -15. Let g = w - 11. Suppose -g*i + 16*i = 117. Does 4 divide i?
False
Let n(z) = 2*z**2 + 5*z + 5. Let k be n(-3). Suppose 1 = 3*r - k. Does 2 divide r?
False
Suppose -2*x - 148 = -s, 2*s - 3*x + 62 = 356. Is 4 a factor of s?
True
Let s be 8/(-24) + 176/6. Suppose 142 = 5*o - 3*r, -2*o + 3 + s = 5*r. Let h = o + -14. Is 9 a factor of h?
False
Let d(i) = -2*i**3 + 21*i**2 + 3*i + 2. Suppose 4*w + 5*x - 23 = 42, 3*w + 5*x = 55. Does 19 divide d(w)?
False
Let w(y) = -2*y**3 + 8*y**2 - 10*y - 8. Let m(q) = -q**3 + 7*q**2 - 9*q - 8. Let g(l) = -3*m(l) + 2*w(l). Let s be g(-4). Is 13 a factor of 112/24*s/(-7)?
False
Suppose 346 = 2*c - 4*o, -3*c + 608 - 94 = -o. Is c a multiple of 57?
True
Let l(y) = 3*y + 6. Let t be l(-4). Let b(n) be the second derivative of n**4/12 + 5*n**3/6 + n**2 + 8*n. Is b(t) a multiple of 4?
True
Suppose 0 = 20*a - 7452 - 2948. Is 41 a factor of a?
False
Suppose 16*z = -24*z + 46200. Is z a multiple of 8?
False
Let r = 996 - 464. Is 76 a factor of r?
True
Suppose -x + 3 - 5 = 0. Is ((-2)/(-4)*x)/(7/(-434)) a multiple of 17?
False
Let c(h) = 5*h - 1 + 3*h - 9*h. Let f be c(-5). Suppose f*j + 0*j - 3*k - 139 = 0, 5*j = 3*k + 170. Is j a multiple of 9?
False
Let m = -44 + 524. Is m a multiple of 16?
True
Let k(i) = -3*i + 40. Let b be k(0). Suppose -12*h - b = -17*h. Is h even?
True
Is 21 a factor of 0 - -21*(-3 - -30)?
True
Suppose -3*y - 3498 = 10*n - 13*n, -4 = -2*y. Is n a multiple of 51?
False
Let h be 3/(-6) + 265/10. Is 52 a factor of 4052/h - (3 + 205/(-65))?
True
Suppose 0 = 7*y - 2*y - 65. Let j = -23 + y. Let i(b) = -b**3 - 10*b**2 + 12. Does 12 divide i(j)?
True
Let x(n) = 3*n**2 - 14*n + 7. Let y be x(12). Let c = y + -177. Is c a multiple of 47?
True
Let y(t) = -t**3 - 2*t**2 + 3*t - 2. Let n(x) = 3*x**3 + 7*x**2 - 8*x + 7. Let q(p) = -4*n(p) - 11*y(p). Let f be q(-8). Let r = f + -73. Is 17 a factor of r?
False
Let d(a) = a**2 - 15*a + 6. Let c be d(15). Is c/42 + 726/14 a multiple of 15?
False
Let j = -115 + 134. Let k be (-56)/(-9) + 4/(-18). Suppose -2*o = -i - 0 + j, k = -i - 3*o. Is 2 a factor of i?
False
Let v(w) = 688*w**2 - 21*w + 10. Does 91 divide v(2)?
False
Suppose 5*l - 4*y - 117 = 147, 5*l - 256 = -4*y. Let k = 13 + l. Does 20 divide k?
False
Suppose 0 = 6*l - 4*l - 10. Suppose -4*f + l*a = -0*f - 84, f - 12 = -a. Does 4 divide f?
True
Suppose -2202 - 9690 = -4*m. Is m a multiple of 55?
False
Is 16 a factor of (-12 - -13)*(1 + (-1146)/(-3))?
False
Let k = 4 + 0. Suppose -k*o + 19 + 46 = z, 3*o = 2*z + 46. Does 4 divide (o/(-6))/(10/(-75))?
True
Suppose 2*x - 3*x - 249 = -y, 0 = y + 4*x - 274. Is 16 a factor of y?
False
Does 20 divide (21/6 - 4) + 1281/2?
True
Let r be 18/(-4)*8/(-12). Suppose r*b - 4*b = -5*z + 23, -29 = -2*b - 5*z. Suppose 121 = 4*h + 4*w - w, b*h - 59 = -w. Does 5 divide h?
False
Let u be ((-84)/3)/((-6)/9). Is 12 a factor of 542/14 + 12/u?
False
Suppose -8*v - 66 = 54. Let w = v - -60. Does 9 divide w?
True
Suppose -m = -4*k + 10, 0*m - m = 2*k - 8. Suppose 0 = -2*f + 2*y + 96, -4*f + 250 = f - k*y. Is f a multiple of 35?
False
Let g be 4*(33/(-2) + 0). Does 11 divide (g/(-5))/((-78)/(-1040))?
True
Let b be (-160)/(-72) + 2/(-9). Suppose 0*q - 32 = b*q. Is (-9)/(-12)*(-4 - q) a multiple of 9?
True
Let s be (2 + -3)/(2/20). Let k be (-4)/s - (-992)/20. Let u = k + -24. Is 13 a factor of u?
True
Let y(m) = m**2 + 40*m + 137. Is 21 a factor of y(-40)?
False
Suppose -8*v = -2590 - 6546. Is v a multiple of 35?
False
Suppose -9*c + 26 = -8*c. Is (((-20)/(-2))/((-4)/c))/(-1) a multiple of 43?
False
Let u(r) = -r**3 - 14*r**2 + 15*r + 1. Let o be u(-15). Let g(q) = 47*q + 2. Is g(o) a multiple of 10?
False
Suppose -b - 2*b = 2*j - 505, 5*b = -25. Does 52 divide j?
True
Let b(m) = -m**3 + 5*m**2 + 2*m + 13. Let n be b(7). Is 6 a factor of 2 - 2*(n + 3)?
True
Let x be -1 + 5 - (0 + 1). Suppose 0 = 3*c + c - 36. Suppose 8*l = c*l - x. Is 2 a factor of l?
False
Let b(v) = -2*v - 10. Let z be b(-6). Suppose 206 = z*s - 42. Does 20 divide s?
False
Suppose 0 = -3*f + 154 - 52. Is f a multiple of 21?
False
Suppose -56*o + 29852 = 12*o. Does 5 divide o?
False
Let k(c) be the second derivative of 4*c**3 - 3*c**2 - 6*c. Let m be k(-6). Is 20 a factor of 36/10*m/(-20)?
False
Let w(x) = x**2 + 6*x - 108. Is w(-29) a multiple of 10?
False
Let k be (5 - (-150)/9)/((-2)/(-6)). Let a = k - 58. Is 2 a factor of a?
False
Let v(p) = p + 3. Let s be v(2). Let r(y) = y**2 + 5*y - 2. Let x be r(-6). Suppose -s*c - 20 = 0, 4*k - 44 = -0*k - x*c. Is k a multiple of 15?
True
Let n(q) = -2*q. Let h be n(-1). Suppose -6*t + 2*t - h*x = -64, -3*x + 42 = 3*t. Suppose 2 = w + o, 0*w - 4*w + o = -t. Is 4 a factor of w?
True
Suppose u = s + 40, -3*u = -2*s + 4*s - 120. Let j = 21 + 0. Let a = u - j. Is a a multiple of 11?
False
Let k(f) = 3763*f**2 + 24*f + 27. Is 27 a factor of k(-1)?
False
Let l be (-2*(-6)/24)/((-1)/(-840)). Let d = l - 217. Is d a multiple of 22?
False
Suppose -6*x + 2233 = x. Is 29 a factor of x?
True
Suppose 3*s + 3*v - 1491 = -0*s, 3*s = v + 1487. Is 31 a factor of s?
True
Does 26 divide (-8)/(-2) - (-2272)/(-8)*-2?
True
Let t = 446 - 392. Is 2 a factor of t?
True
Let a be (-8)/36 + (-634)/(-18). Let h = 70 - a. Is 8 a factor of h?
False
Let r = 1270 - 100. Is 39 a factor of r?
True
Let q(z) = z**3 + 10*z**2 - 2*z - 17. Let f be q(-10). Suppose -5*w + 3*w = 3*i - 156, -f